{"id":8760,"date":"2024-12-17T11:53:09","date_gmt":"2024-12-17T14:53:09","guid":{"rendered":"https:\/\/radiomontemoriah.com.br\/?page_id=8760"},"modified":"2024-12-17T12:06:26","modified_gmt":"2024-12-17T15:06:26","slug":"jesus-e-proclamado-o-salvador-lembra-pastor-da-quadrangular","status":"publish","type":"page","link":"https:\/\/radiomontemoriah.com.br\/?page_id=8760","title":{"rendered":"\u2018Jesus \u00e9 proclamado o Salvador\u2019, lembra pastor da Quadrangular"},"content":{"rendered":"<p>Por Raimundo Gomes. Transcri\u00e7\u00e3o da Coluna Evang\u00e9lica da Gazeta, dos dias 14 e 15\/12\/2024.<\/p>\n<p><strong><em>Reverendo diz que filho de Deus deixou Sua gl\u00f3ria no C\u00e9u e veio habitar a Terra vivendo \u201cas mesmas necessidades que todos n\u00f3s passamos\u201d<\/em><\/strong><\/p>\n<p>\u201cHoje, na cidade de Davi, vos nasceu o Salvador, que \u00e9 Cristo, o Senhor\u201d (Lucas 2:11)! Este an\u00fancio foi transmitido por um anjo a pastores que estavam no campo, guardando seu rebanho durante a vig\u00edlia da noite, quando Maria deu \u00e0 luz ao Menino Jesus, que nascera em uma manjedoura em Bel\u00e9m, na Judeia.<\/p>\n<p>\u201cEsse \u00e9 um dos mais lindos relatos b\u00edblicos mostrando o amor de Deus ao mundo (leia em Jo\u00e3o 3:16). Os pastores temeram diante do anjo porque a gl\u00f3ria do Senhor os cercou com Seu resplendor\u201d, conta o reverendo C\u00edcero Menezes, pastor da Igreja do Evangelho Quadrangular no bairro de Paju\u00e7ara, em Macei\u00f3\/AL.<\/p>\n<h6 style=\"text-align: center;\"><img loading=\"lazy\" decoding=\"async\" class=\"wp-image-8761 aligncenter\" src=\"https:\/\/radiomontemoriah.com.br\/wp-content\/uploads\/2024\/12\/img02-300x194.jpeg\" alt=\"\" width=\"722\" height=\"467\" srcset=\"https:\/\/radiomontemoriah.com.br\/wp-content\/uploads\/2024\/12\/img02-300x194.jpeg 300w, https:\/\/radiomontemoriah.com.br\/wp-content\/uploads\/2024\/12\/img02-600x387.jpeg 600w, https:\/\/radiomontemoriah.com.br\/wp-content\/uploads\/2024\/12\/img02.jpeg 1003w\" sizes=\"auto, (max-width: 722px) 100vw, 722px\" \/>Reverendo C\u00edcero Menezes com a pastora Maria Auric\u00e9lia, sua esposa, entre os visitantes da orla.<\/h6>\n<p>&nbsp;<\/p>\n<p>Essa hist\u00f3ria, que deu origem \u00e0 celebra\u00e7\u00e3o do Natal, uma das festas que mais re\u00fanem crist\u00e3os pelo mundo afora, segue com o anjo acalmando os pastores. \u201cN\u00e3o temais, porque vos trago novas de grande alegria, que ser\u00e1 para todo o povo\u201d, prosseguiu o reverendo da IEQ, na leitura de Lucas 2:10.<\/p>\n<p>Seguindo as instru\u00e7\u00f5es do anjo, os pastores encontraram o Menino deitado na manjedoura, com Maria e Jos\u00e9, seu pai adotivo. \u201cA B\u00edblia nos conta que, naquele instante, apareceu uma multid\u00e3o de anjos no C\u00e9u cantando Gl\u00f3ria a Deus nas alturas, paz na Terra, boa vontade para com os homens\u201d, continuou o reverendo.<\/p>\n<p>As novas de grande alegria anunciadas pelo anjo, segundo Menezes, foram o nascimento de Jesus. \u201cO Menino que deixou o esplendor de Sua gl\u00f3ria com o Pai e veio habitar a Terra, viveu corajosamente a agita\u00e7\u00e3o da ang\u00fastia e agonia da humanidade. Ele vivenciou as mesmas necessidades que todos n\u00f3s passamos\u201d.<\/p>\n<h2>Recenseamento<\/h2>\n<p>Jesus nasceu em uma manjedoura, ainda de acordo com explica\u00e7\u00e3o do reverendo, porque Jos\u00e9 e Maria, em obedi\u00eancia a um decreto de C\u00e9sar Augusto, precisaram viajar de Nazar\u00e9 a Bel\u00e9m, distante quase 150 km, para fazerem o recenseamento. Estando eles ali, cumpriram-se os dias em que ela havia de dar \u00e0 luz.<\/p>\n<p>Al\u00e9m dos pastores, o Menino Jesus tamb\u00e9m recebeu a visita de magos vindos do Oriente. Eles vieram, guiados por uma estrela, motivados a conhecer e adorar o rec\u00e9m-nascido Rei. Trouxeram-lhe presentes especiais: ouro, incenso e mirra.<\/p>\n<h6 style=\"text-align: center;\"><img loading=\"lazy\" decoding=\"async\" class=\"wp-image-8762 aligncenter\" src=\"https:\/\/radiomontemoriah.com.br\/wp-content\/uploads\/2024\/12\/FOTO-NASCEU-O-SALVADOR-01-300x200.jpg\" alt=\"\" width=\"716\" height=\"477\" srcset=\"https:\/\/radiomontemoriah.com.br\/wp-content\/uploads\/2024\/12\/FOTO-NASCEU-O-SALVADOR-01-300x200.jpg 300w, https:\/\/radiomontemoriah.com.br\/wp-content\/uploads\/2024\/12\/FOTO-NASCEU-O-SALVADOR-01-1024x682.jpg 1024w, https:\/\/radiomontemoriah.com.br\/wp-content\/uploads\/2024\/12\/FOTO-NASCEU-O-SALVADOR-01-768x512.jpg 768w, https:\/\/radiomontemoriah.com.br\/wp-content\/uploads\/2024\/12\/FOTO-NASCEU-O-SALVADOR-01-1536x1023.jpg 1536w, https:\/\/radiomontemoriah.com.br\/wp-content\/uploads\/2024\/12\/FOTO-NASCEU-O-SALVADOR-01-600x400.jpg 600w, https:\/\/radiomontemoriah.com.br\/wp-content\/uploads\/2024\/12\/FOTO-NASCEU-O-SALVADOR-01.jpg 1600w\" sizes=\"auto, (max-width: 716px) 100vw, 716px\" \/>Ilumina\u00e7\u00e3o de Paju\u00e7ara e Ponta Verde tem atra\u00eddo muitas pessoas \u00e0 orla de Macei\u00f3.<\/h6>\n<h2><\/h2>\n<h2>Cumpriu-se a profecia<\/h2>\n<p>\u201cA chegada do Salvador do mundo est\u00e1 registrada em Lucas 2:7. Maria deu \u00e0 luz a seu filho primog\u00eanito, envolveu-O em panos e deitou-O numa manjedoura, porque n\u00e3o havia lugar para eles na estalagem. Nesta parte da linda hist\u00f3ria, cumpria-se a profecia de Miqueias 5:2\u201d, acentuou o reverendo.<\/p>\n<p>Para o pastor da IEQ, \u201cNatal \u00e9 um novo nascimento em Cristo Jesus, tendo como fonte o nosso cora\u00e7\u00e3o. \u00c9, tamb\u00e9m, o momento em que verdadeiramente celebramos a paz, a harmonia e o amor que precisamos viver, n\u00e3o esquecendo a generosidade e compaix\u00e3o uns para com os outros\u201d, concluiu.<\/p>\n<p>Reverendo recomenda a leitura dos textos b\u00edblicos de Mateus 1 e 2, Lucas 1 e 2 e Jo\u00e3o 1, que falam sobre o nascimento de Jesus.<\/p>\n<p>&nbsp;<\/p>\n","protected":false},"excerpt":{"rendered":"<p>Por Raimundo Gomes. Transcri\u00e7\u00e3o da Coluna Evang\u00e9lica da Gazeta, dos dias 14 e 15\/12\/2024. Reverendo diz que filho de Deus deixou Sua gl\u00f3ria no C\u00e9u e veio habitar a Terra vivendo \u201cas mesmas necessidades que todos n\u00f3s passamos\u201d \u201cHoje, na cidade de Davi, vos nasceu o Salvador, que \u00e9 Cristo, o Senhor\u201d (Lucas 2:11)! Este&#8230;<\/p>\n","protected":false},"author":1,"featured_media":0,"parent":0,"menu_order":0,"comment_status":"closed","ping_status":"closed","template":"","meta":{"om_disable_all_campaigns":false,"_monsterinsights_skip_tracking":false,"_monsterinsights_sitenote_active":false,"_monsterinsights_sitenote_note":"","_monsterinsights_sitenote_category":0,"footnotes":""},"class_list":["post-8760","page","type-page","status-publish","hentry"],"aioseo_notices":[],"_links":{"self":[{"href":"https:\/\/radiomontemoriah.com.br\/index.php?rest_route=\/wp\/v2\/pages\/8760","targetHints":{"allow":["GET"]}}],"collection":[{"href":"https:\/\/radiomontemoriah.com.br\/index.php?rest_route=\/wp\/v2\/pages"}],"about":[{"href":"https:\/\/radiomontemoriah.com.br\/index.php?rest_route=\/wp\/v2\/types\/page"}],"author":[{"embeddable":true,"href":"https:\/\/radiomontemoriah.com.br\/index.php?rest_route=\/wp\/v2\/users\/1"}],"replies":[{"embeddable":true,"href":"https:\/\/radiomontemoriah.com.br\/index.php?rest_route=%2Fwp%2Fv2%2Fcomments&post=8760"}],"version-history":[{"count":7,"href":"https:\/\/radiomontemoriah.com.br\/index.php?rest_route=\/wp\/v2\/pages\/8760\/revisions"}],"predecessor-version":[{"id":8776,"href":"https:\/\/radiomontemoriah.com.br\/index.php?rest_route=\/wp\/v2\/pages\/8760\/revisions\/8776"}],"wp:attachment":[{"href":"https:\/\/radiomontemoriah.com.br\/index.php?rest_route=%2Fwp%2Fv2%2Fmedia&parent=8760"}],"curies":[{"name":"wp","href":"https:\/\/api.w.org\/{rel}","templated":true}]}}

‘Jesus é proclamado o Salvador’, lembra pastor da Quadrangular

<p>Por Raimundo Gomes. Transcrição da Coluna Evangélica da Gazeta, dos dias 14 e 15/12/2024.</p>
<p><strong><em>Reverendo diz que filho de Deus deixou Sua glória no Céu e veio habitar a Terra vivendo “as mesmas necessidades que todos nós passamos”</em></strong></p>
<p>“Hoje, na cidade de Davi, vos nasceu o Salvador, que é Cristo, o Senhor” (Lucas 2:11)! Este anúncio foi transmitido por um anjo a pastores que estavam no campo, guardando seu rebanho durante a vigília da noite, quando Maria deu à luz ao Menino Jesus, que nascera em uma manjedoura em Belém, na Judeia.</p>
<p>“Esse é um dos mais lindos relatos bíblicos mostrando o amor de Deus ao mundo (leia em João 3:16). Os pastores temeram diante do anjo porque a glória do Senhor os cercou com Seu resplendor”, conta o reverendo Cícero Menezes, pastor da Igreja do Evangelho Quadrangular no bairro de Pajuçara, em Maceió/AL.</p>
<h6 style="text-align: center;"><img loading="lazy" decoding="async" class="wp-image-8761 aligncenter" src="https://radiomontemoriah.com.br/wp-content/uploads/2024/12/img02-300x194.jpeg" alt="" width="722" height="467" srcset="https://radiomontemoriah.com.br/wp-content/uploads/2024/12/img02-300x194.jpeg 300w, https://radiomontemoriah.com.br/wp-content/uploads/2024/12/img02-600x387.jpeg 600w, https://radiomontemoriah.com.br/wp-content/uploads/2024/12/img02.jpeg 1003w" sizes="auto, (max-width: 722px) 100vw, 722px" />Reverendo Cícero Menezes com a pastora Maria Auricélia, sua esposa, entre os visitantes da orla.</h6>
<p>&nbsp;</p>
<p>Essa história, que deu origem à celebração do Natal, uma das festas que mais reúnem cristãos pelo mundo afora, segue com o anjo acalmando os pastores. “Não temais, porque vos trago novas de grande alegria, que será para todo o povo”, prosseguiu o reverendo da IEQ, na leitura de Lucas 2:10.</p>
<p>Seguindo as instruções do anjo, os pastores encontraram o Menino deitado na manjedoura, com Maria e José, seu pai adotivo. “A Bíblia nos conta que, naquele instante, apareceu uma multidão de anjos no Céu cantando Glória a Deus nas alturas, paz na Terra, boa vontade para com os homens”, continuou o reverendo.</p>
<p>As novas de grande alegria anunciadas pelo anjo, segundo Menezes, foram o nascimento de Jesus. “O Menino que deixou o esplendor de Sua glória com o Pai e veio habitar a Terra, viveu corajosamente a agitação da angústia e agonia da humanidade. Ele vivenciou as mesmas necessidades que todos nós passamos”.</p>
<h2>Recenseamento</h2>
<p>Jesus nasceu em uma manjedoura, ainda de acordo com explicação do reverendo, porque José e Maria, em obediência a um decreto de César Augusto, precisaram viajar de Nazaré a Belém, distante quase 150 km, para fazerem o recenseamento. Estando eles ali, cumpriram-se os dias em que ela havia de dar à luz.</p>
<p>Além dos pastores, o Menino Jesus também recebeu a visita de magos vindos do Oriente. Eles vieram, guiados por uma estrela, motivados a conhecer e adorar o recém-nascido Rei. Trouxeram-lhe presentes especiais: ouro, incenso e mirra.</p>
<h6 style="text-align: center;"><img loading="lazy" decoding="async" class="wp-image-8762 aligncenter" src="https://radiomontemoriah.com.br/wp-content/uploads/2024/12/FOTO-NASCEU-O-SALVADOR-01-300x200.jpg" alt="" width="716" height="477" srcset="https://radiomontemoriah.com.br/wp-content/uploads/2024/12/FOTO-NASCEU-O-SALVADOR-01-300x200.jpg 300w, https://radiomontemoriah.com.br/wp-content/uploads/2024/12/FOTO-NASCEU-O-SALVADOR-01-1024x682.jpg 1024w, https://radiomontemoriah.com.br/wp-content/uploads/2024/12/FOTO-NASCEU-O-SALVADOR-01-768x512.jpg 768w, https://radiomontemoriah.com.br/wp-content/uploads/2024/12/FOTO-NASCEU-O-SALVADOR-01-1536x1023.jpg 1536w, https://radiomontemoriah.com.br/wp-content/uploads/2024/12/FOTO-NASCEU-O-SALVADOR-01-600x400.jpg 600w, https://radiomontemoriah.com.br/wp-content/uploads/2024/12/FOTO-NASCEU-O-SALVADOR-01.jpg 1600w" sizes="auto, (max-width: 716px) 100vw, 716px" />Iluminação de Pajuçara e Ponta Verde tem atraído muitas pessoas à orla de Maceió.</h6>
<h2></h2>
<h2>Cumpriu-se a profecia</h2>
<p>“A chegada do Salvador do mundo está registrada em Lucas 2:7. Maria deu à luz a seu filho primogênito, envolveu-O em panos e deitou-O numa manjedoura, porque não havia lugar para eles na estalagem. Nesta parte da linda história, cumpria-se a profecia de Miqueias 5:2”, acentuou o reverendo.</p>
<p>Para o pastor da IEQ, “Natal é um novo nascimento em Cristo Jesus, tendo como fonte o nosso coração. É, também, o momento em que verdadeiramente celebramos a paz, a harmonia e o amor que precisamos viver, não esquecendo a generosidade e compaixão uns para com os outros”, concluiu.</p>
<p>Reverendo recomenda a leitura dos textos bíblicos de Mateus 1 e 2, Lucas 1 e 2 e João 1, que falam sobre o nascimento de Jesus.</p>
<p>&nbsp;</p>

<p>Por Raimundo Gomes. Transcrição da Coluna Evangélica da Gazeta, dos dias 14 e 15/12/2024. Reverendo diz que filho de Deus deixou Sua glória no Céu e veio habitar a Terra vivendo “as mesmas necessidades que todos nós passamos” “Hoje, na cidade de Davi, vos nasceu o Salvador, que é Cristo, o Senhor” (Lucas 2:11)! Este&#8230;</p>
