{"id":8962,"date":"2025-08-16T15:08:20","date_gmt":"2025-08-16T18:08:20","guid":{"rendered":"https:\/\/radiomontemoriah.com.br\/?page_id=8962"},"modified":"2025-08-16T22:06:10","modified_gmt":"2025-08-17T01:06:10","slug":"reverendo-conta-como-deus-o-chamou-para-a-sua-obra","status":"publish","type":"page","link":"https:\/\/radiomontemoriah.com.br\/?page_id=8962","title":{"rendered":"Reverendo conta como Deus o chamou para a sua obra"},"content":{"rendered":"<section class=\"wpb-content-wrapper\"><p>[vc_row][vc_column][vc_column_text]Por Raimundo Gomes. Transcri\u00e7\u00e3o da Coluna Evang\u00e9lica da Gazeta, dos dias 16 e 17\/08\/2025.<\/p>\n<h3><strong><em>Hist\u00f3ria de C\u00edcero Menezes come\u00e7a com uma vida de pobreza, ajudando o pai na ro\u00e7a, em Maribondo-AL; hoje, ele \u00e9 pastor da Quadrangular.<\/em><\/strong><\/h3>\n<p>O menino pobre que em 5 de fevereiro de 1957 nasceu no munic\u00edpio de Maribondo\/AL e aos sete anos de idade precisou trabalhar para ajudar ao pai no sustento da fam\u00edlia, conta o quanto foi dif\u00edcil a vida na inf\u00e2ncia e adolesc\u00eancia. \u201cComecei ajudando ao meu pai na ro\u00e7a\u201d, recorda hoje o reverendo C\u00edcero Menezes.<\/p>\n<p>Como filho de plena confian\u00e7a do pai, al\u00e9m da ro\u00e7a ele ajudava seu genitor \u00a0vendendo miudeza nas feiras livres do interior. Mas a hist\u00f3ria desse menino ganhou um novo enredo quando seu pai, preocupado com o estudo dos seus sete filhos, resolveu se mudar com a fam\u00edlia para um s\u00edtio no povoado Ch\u00e3 do Pilar.[\/vc_column_text][\/vc_column][\/vc_row][vc_row tlg_large_container=&#8221;small-container&#8221; tlg_padding=&#8221;pt0&#8243;][vc_column][vc_single_image image=&#8221;8981&#8243; img_size=&#8221;full&#8221; alignment=&#8221;center&#8221;][vc_column_text]<\/p>\n<h5 style=\"text-align: center;\">Reverendo C\u00edcero Menezes e a pastora Maria Auric\u00e9lia, sua esposa, um casal que Deus uniu para anunciar o Evangelho<\/h5>\n<p>[\/vc_column_text][\/vc_column][\/vc_row][vc_row tlg_padding=&#8221;pt0&#8243;][vc_column][vc_column_text]\u201cMeu pai trabalhava no s\u00edtio! T\u00ednhamos onde estudar, mas ele faleceu e tudo desmoronou quando eu tinha 14 anos. Fui trabalhar como \u2018Cassaco de estrada\u2019 e no abate de aves, ao lado do Mercado da Produ\u00e7\u00e3o, para sustentar minha fam\u00edlia\u201d, conta o atual pastor da Igreja Evang\u00e9lica Quadrangular (IEQ) do bairro Paju\u00e7ara.<\/p>\n<p>N\u00e3o demorou muito, C\u00edcero Menezes veio para Macei\u00f3 porque precisava continuar seus estudos. Matriculou-se na Escola dos Capuchinhos. Mas logo sentiu no cora\u00e7\u00e3o, lendo um Novo Testamento que ganhou de dois gide\u00f5es internacionais em Ch\u00e3 do Pilar, que Deus o estava chamando para fazer uma grande obra.[\/vc_column_text][\/vc_column][\/vc_row][vc_row tlg_padding=&#8221;pt0&#8243;][vc_column][vc_column_text]<\/p>\n<h3>Com tuberculose, m\u00e9dico desenganou o pastor, mas ele foi curado por Jesus<\/h3>\n<p>Aos 16 anos, quando tudo parecia estar indo bem na vida do adolescente C\u00edcero Menezes, estudando, trabalhando e residindo na casa de uma bondosa senhora, aqui em Macei\u00f3, ele foi acometido por uma tuberculose. Naquela \u00e9poca, com poucos recursos m\u00e9dicos, essa enfermidade era um atestado de \u00f3bito.<\/p>\n<p>\u201cQuando o m\u00e9dico me desenganou, lamentando nada mais poder fazer, fui tomado de uma grande tristeza porque me sentia s\u00f3, abandonado. Naquele instante, por\u00e9m, a tristeza deu lugar a uma grande alegria em meu cora\u00e7\u00e3o. Eu ouvi a voz de Jesus dizendo que eu seria curado\u201d, afirmou o pastor da IEQ de Paju\u00e7ara.<\/p>\n<p>A promessa se cumpriu quando, no casamento de seu irm\u00e3o ele conheceu uma jovem, irm\u00e3 da noiva, que ele sentiu no cora\u00e7\u00e3o o desejo de que viesse a ser sua esposa. Conheceu a jovem, contou-lhe sobre sua doen\u00e7a. Ela era crente e o levou para sua igreja. L\u00e1 na IEQ, ele foi curado e tempos depois os dois estavam casados.[\/vc_column_text][\/vc_column][\/vc_row][vc_row tlg_padding=&#8221;pt0&#8243;][vc_column][vc_single_image image=&#8221;8982&#8243; img_size=&#8221;large&#8221; alignment=&#8221;center&#8221;][vc_column_text]<\/p>\n<h5 style=\"text-align: center;\">Na noite em que os milagres acompanham todos \u00e0queles que creem,<br \/>\n\u00e0s 19h de sextas-feiras, muitas pessoas s\u00e3o libertas de enfermidades e possess\u00f5es<\/h5>\n<p>[\/vc_column_text][\/vc_column][\/vc_row][vc_row tlg_padding=&#8221;pt0&#8243;][vc_column][vc_column_text]<\/p>\n<h3>Chamados por Deus<\/h3>\n<p>O casal sentiu-se chamado por Deus e resolveu fazer o Curso de Teologia no semin\u00e1rio da IEQ. Tr\u00eas anos depois, C\u00edcero Menezes e Maria Auric\u00e9lia Menezes foram ordenados. Eles pastoreiam a mesma igreja e fazem um trabalho aben\u00e7oado, ganhando vidas para Cristo e realizando curas de pessoas enfermas e possessas.<\/p>\n<p>Antes de ser pastor, o reverendo C\u00edcero Menezes foi empres\u00e1rio bem-sucedido e gerente de banco, mas largou tudo para atender ao chamado de Jesus na liberta\u00e7\u00e3o de vidas. O menino pobre que nasceu em Maribondo \u00e9 tamb\u00e9m formado em contabilidade, tendo atuado nessa \u00e1rea em duas institui\u00e7\u00f5es banc\u00e1rias.[\/vc_column_text][\/vc_column][\/vc_row]<\/p>\n<\/section>","protected":false},"excerpt":{"rendered":"<p>[vc_row][vc_column][vc_column_text]Por Raimundo Gomes. Transcri\u00e7\u00e3o da Coluna Evang\u00e9lica da Gazeta, dos dias 16 e 17\/08\/2025. Hist\u00f3ria de C\u00edcero Menezes come\u00e7a com uma vida de pobreza, ajudando o pai na ro\u00e7a, em Maribondo-AL; hoje, ele \u00e9 pastor da Quadrangular. O menino pobre que em 5 de fevereiro de 1957 nasceu no munic\u00edpio de Maribondo\/AL e aos sete&#8230;<\/p>\n","protected":false},"author":1,"featured_media":0,"parent":0,"menu_order":0,"comment_status":"closed","ping_status":"closed","template":"","meta":{"om_disable_all_campaigns":false,"_monsterinsights_skip_tracking":false,"_monsterinsights_sitenote_active":false,"_monsterinsights_sitenote_note":"","_monsterinsights_sitenote_category":0,"footnotes":""},"class_list":["post-8962","page","type-page","status-publish","hentry"],"aioseo_notices":[],"_links":{"self":[{"href":"https:\/\/radiomontemoriah.com.br\/index.php?rest_route=\/wp\/v2\/pages\/8962","targetHints":{"allow":["GET"]}}],"collection":[{"href":"https:\/\/radiomontemoriah.com.br\/index.php?rest_route=\/wp\/v2\/pages"}],"about":[{"href":"https:\/\/radiomontemoriah.com.br\/index.php?rest_route=\/wp\/v2\/types\/page"}],"author":[{"embeddable":true,"href":"https:\/\/radiomontemoriah.com.br\/index.php?rest_route=\/wp\/v2\/users\/1"}],"replies":[{"embeddable":true,"href":"https:\/\/radiomontemoriah.com.br\/index.php?rest_route=%2Fwp%2Fv2%2Fcomments&post=8962"}],"version-history":[{"count":13,"href":"https:\/\/radiomontemoriah.com.br\/index.php?rest_route=\/wp\/v2\/pages\/8962\/revisions"}],"predecessor-version":[{"id":8986,"href":"https:\/\/radiomontemoriah.com.br\/index.php?rest_route=\/wp\/v2\/pages\/8962\/revisions\/8986"}],"wp:attachment":[{"href":"https:\/\/radiomontemoriah.com.br\/index.php?rest_route=%2Fwp%2Fv2%2Fmedia&parent=8962"}],"curies":[{"name":"wp","href":"https:\/\/api.w.org\/{rel}","templated":true}]}}